{"id":5,"date":"2017-11-06T13:34:36","date_gmt":"2017-11-06T12:34:36","guid":{"rendered":"https:\/\/gite-les-cailloux.com\/?page_id=5"},"modified":"2023-11-28T10:11:07","modified_gmt":"2023-11-28T09:11:07","slug":"accueil","status":"publish","type":"page","link":"https:\/\/gite-les-cailloux.com\/","title":{"rendered":"Accueil"},"content":{"rendered":"<h1>Une maison de vacances<\/h1>\n<p>Situ\u00e9e au coeur des <strong>Ch\u00e2teaux de la Loire<\/strong>, \u00e0 5 min du centre bourg, <strong>10 min de Blois<\/strong>, 10 min de <strong>Chambord<\/strong> et <strong>40 min du Zoo de Beauval, <\/strong>la maison est id\u00e9alement plac\u00e9e pour vos vacances.<\/p>\n<h1>Comme \u00e0 la maison<\/h1>\n<p>Le gite de 50m\u00b2 dispose d\u2019une <strong>grande pi\u00e8ce principale<\/strong> et d\u2019une <strong>chambre en mezzanine<\/strong> pouvant accueillir 5 personnes. Moderne et pratique, il dispose de tous les <strong>\u00e9quipements n\u00e9cessaires<\/strong>. Vous n&rsquo;avez plus qu&rsquo;\u00e0 vous installer.<\/p>\n<p><em>Gel douche, shampoing, produits d&rsquo;entretiens et alimentaires de base inclus.\u00a0<\/em><\/p>\n<h1>Un esprit cocooning<\/h1>\n<p>Profitez d&rsquo;un lieu calme et accueillant avec sa <strong>d\u00e9coration int\u00e9rieure soign\u00e9e<\/strong>, un <strong>coin terrasse<\/strong> \u00e9quip\u00e9 et un <strong>grand jardin<\/strong> avec une partie cl\u00f4tur\u00e9e.<\/p>\n<p><strong><span id=\"book-it-price-string\"><span class=\"priceAmountFromWrapper_17axpax\"><span class=\"text_5mbkop-o_O-size_small_1gg2mc-o_O-color_inverse_1lslapz-o_O-inline_g86r3e\">\u00c0 partir de <\/span><\/span><span class=\"priceAmountWrapper_17axpax\"><span class=\"text_5mbkop-o_O-size_large_16mhv7y-o_O-weight_bold_153t78d-o_O-color_inverse_1lslapz-o_O-inline_g86r3e\">62 \u20ac <\/span><\/span><span class=\"text_5mbkop-o_O-size_small_1gg2mc-o_O-color_inverse_1lslapz-o_O-inline_g86r3e\">par nuit<\/span><\/span><\/strong><\/p>\n<p>Location weekends et courts s\u00e9jours<\/p>\n<p><img loading=\"lazy\" class=\" wp-image-386\" src=\"https:\/\/gite-les-cailloux.com\/wp-content\/uploads\/2022\/01\/logo-fb.png\" alt=\"facebook\" width=\"92\" height=\"92\" srcset=\"https:\/\/gite-les-cailloux.com\/wp-content\/uploads\/2022\/01\/logo-fb.png 225w, https:\/\/gite-les-cailloux.com\/wp-content\/uploads\/2022\/01\/logo-fb-150x150.png 150w\" sizes=\"(max-width: 92px) 100vw, 92px\" \/><\/p>\n<p>Suivez l&rsquo;actualit\u00e9 de notre r\u00e9gion sur notre <a href=\"https:\/\/www.facebook.com\/gitelescailloux\/\">page Facebook<\/a>.<\/p>\n<p><em>H\u00e9bergement non sp\u00e9cifiquement adapt\u00e9 aux personnes en situation de handicap.<\/em><\/p>\n","protected":false},"excerpt":{"rendered":"<p>Une maison de vacances Situ\u00e9e au coeur des Ch\u00e2teaux de la Loire, \u00e0 5 min du centre bourg, 10 min de Blois, 10 min de Chambord et 40 min du Zoo de Beauval, la maison est id\u00e9alement plac\u00e9e pour vos vacances. Comme \u00e0 la maison Le gite de 50m\u00b2 dispose d\u2019une grande pi\u00e8ce principale et [&hellip;]<\/p>\n","protected":false},"author":1,"featured_media":375,"parent":0,"menu_order":0,"comment_status":"closed","ping_status":"closed","template":"template-home.php","meta":[],"yoast_head":"<!-- This site is optimized with the Yoast SEO plugin v20.6 - https:\/\/yoast.com\/wordpress\/plugins\/seo\/ -->\n<title>Maison de vacances - Gite Les Cailloux<\/title>\n<meta name=\"description\" content=\"Vos vacances, id\u00e9alement situ\u00e9es au coeur des Ch\u00e2teaux de la Loire \u00e0 10 min de Blois et Chambord et 40 min du Zoo de Beauval - Un esprit cocooning - Profitez d&#039;un lieu calme et accueillant - Moderne et pratique, il dispose de tous les \u00e9quipements n\u00e9cessaires.\" \/>\n<meta name=\"robots\" content=\"index, follow, max-snippet:-1, max-image-preview:large, max-video-preview:-1\" \/>\n<link rel=\"canonical\" href=\"https:\/\/gite-les-cailloux.com\/\" \/>\n<meta property=\"og:locale\" content=\"fr_FR\" \/>\n<meta property=\"og:type\" content=\"article\" \/>\n<meta property=\"og:title\" content=\"Maison de vacances - Gite Les Cailloux\" \/>\n<meta property=\"og:description\" content=\"Vos vacances, id\u00e9alement situ\u00e9es au coeur des Ch\u00e2teaux de la Loire \u00e0 10 min de Blois et Chambord et 40 min du Zoo de Beauval - Un esprit cocooning - Profitez d&#039;un lieu calme et accueillant - Moderne et pratique, il dispose de tous les \u00e9quipements n\u00e9cessaires.\" \/>\n<meta property=\"og:url\" content=\"https:\/\/gite-les-cailloux.com\/\" \/>\n<meta property=\"og:site_name\" content=\"G\u00eete les Cailloux\" \/>\n<meta property=\"article:publisher\" content=\"https:\/\/www.facebook.com\/gitelescailloux\" \/>\n<meta property=\"article:modified_time\" content=\"2023-11-28T09:11:07+00:00\" \/>\n<meta property=\"og:image\" content=\"https:\/\/gite-les-cailloux.com\/wp-content\/uploads\/2022\/01\/20220111_115722-scaled.jpg\" \/>\n\t<meta property=\"og:image:width\" content=\"2560\" \/>\n\t<meta property=\"og:image:height\" content=\"1920\" \/>\n\t<meta property=\"og:image:type\" content=\"image\/jpeg\" \/>\n<meta name=\"twitter:card\" content=\"summary_large_image\" \/>\n<meta name=\"twitter:label1\" content=\"Dur\u00e9e de lecture estim\u00e9e\" \/>\n\t<meta name=\"twitter:data1\" content=\"1 minute\" \/>\n<script type=\"application\/ld+json\" class=\"yoast-schema-graph\">{\"@context\":\"https:\/\/schema.org\",\"@graph\":[{\"@type\":\"WebPage\",\"@id\":\"https:\/\/gite-les-cailloux.com\/\",\"url\":\"https:\/\/gite-les-cailloux.com\/\",\"name\":\"Maison de vacances - Gite Les Cailloux\",\"isPartOf\":{\"@id\":\"https:\/\/gite-les-cailloux.com\/#website\"},\"datePublished\":\"2017-11-06T12:34:36+00:00\",\"dateModified\":\"2023-11-28T09:11:07+00:00\",\"description\":\"Vos vacances, id\u00e9alement situ\u00e9es au coeur des Ch\u00e2teaux de la Loire \u00e0 10 min de Blois et Chambord et 40 min du Zoo de Beauval - Un esprit cocooning - Profitez d'un lieu calme et accueillant - Moderne et pratique, il dispose de tous les \u00e9quipements n\u00e9cessaires.\",\"breadcrumb\":{\"@id\":\"https:\/\/gite-les-cailloux.com\/#breadcrumb\"},\"inLanguage\":\"fr-FR\",\"potentialAction\":[{\"@type\":\"ReadAction\",\"target\":[\"https:\/\/gite-les-cailloux.com\/\"]}]},{\"@type\":\"BreadcrumbList\",\"@id\":\"https:\/\/gite-les-cailloux.com\/#breadcrumb\",\"itemListElement\":[{\"@type\":\"ListItem\",\"position\":1,\"name\":\"Accueil\",\"item\":\"https:\/\/gite-les-cailloux.com\/\"},{\"@type\":\"ListItem\",\"position\":2,\"name\":\"Accueil\"}]},{\"@type\":\"WebSite\",\"@id\":\"https:\/\/gite-les-cailloux.com\/#website\",\"url\":\"https:\/\/gite-les-cailloux.com\/\",\"name\":\"G\u00eete les Cailloux\",\"description\":\"Maison de vacances au c\u0153ur des Ch\u00e2teaux de la Loire\",\"potentialAction\":[{\"@type\":\"SearchAction\",\"target\":{\"@type\":\"EntryPoint\",\"urlTemplate\":\"https:\/\/gite-les-cailloux.com\/?s={search_term_string}\"},\"query-input\":\"required name=search_term_string\"}],\"inLanguage\":\"fr-FR\"}]}<\/script>\n<!-- \/ Yoast SEO plugin. -->","yoast_head_json":{"title":"Maison de vacances - Gite Les Cailloux","description":"Vos vacances, id\u00e9alement situ\u00e9es au coeur des Ch\u00e2teaux de la Loire \u00e0 10 min de Blois et Chambord et 40 min du Zoo de Beauval - Un esprit cocooning - Profitez d'un lieu calme et accueillant - Moderne et pratique, il dispose de tous les \u00e9quipements n\u00e9cessaires.","robots":{"index":"index","follow":"follow","max-snippet":"max-snippet:-1","max-image-preview":"max-image-preview:large","max-video-preview":"max-video-preview:-1"},"canonical":"https:\/\/gite-les-cailloux.com\/","og_locale":"fr_FR","og_type":"article","og_title":"Maison de vacances - Gite Les Cailloux","og_description":"Vos vacances, id\u00e9alement situ\u00e9es au coeur des Ch\u00e2teaux de la Loire \u00e0 10 min de Blois et Chambord et 40 min du Zoo de Beauval - Un esprit cocooning - Profitez d'un lieu calme et accueillant - Moderne et pratique, il dispose de tous les \u00e9quipements n\u00e9cessaires.","og_url":"https:\/\/gite-les-cailloux.com\/","og_site_name":"G\u00eete les Cailloux","article_publisher":"https:\/\/www.facebook.com\/gitelescailloux","article_modified_time":"2023-11-28T09:11:07+00:00","og_image":[{"width":2560,"height":1920,"url":"https:\/\/gite-les-cailloux.com\/wp-content\/uploads\/2022\/01\/20220111_115722-scaled.jpg","type":"image\/jpeg"}],"twitter_card":"summary_large_image","twitter_misc":{"Dur\u00e9e de lecture estim\u00e9e":"1 minute"},"schema":{"@context":"https:\/\/schema.org","@graph":[{"@type":"WebPage","@id":"https:\/\/gite-les-cailloux.com\/","url":"https:\/\/gite-les-cailloux.com\/","name":"Maison de vacances - Gite Les Cailloux","isPartOf":{"@id":"https:\/\/gite-les-cailloux.com\/#website"},"datePublished":"2017-11-06T12:34:36+00:00","dateModified":"2023-11-28T09:11:07+00:00","description":"Vos vacances, id\u00e9alement situ\u00e9es au coeur des Ch\u00e2teaux de la Loire \u00e0 10 min de Blois et Chambord et 40 min du Zoo de Beauval - Un esprit cocooning - Profitez d'un lieu calme et accueillant - Moderne et pratique, il dispose de tous les \u00e9quipements n\u00e9cessaires.","breadcrumb":{"@id":"https:\/\/gite-les-cailloux.com\/#breadcrumb"},"inLanguage":"fr-FR","potentialAction":[{"@type":"ReadAction","target":["https:\/\/gite-les-cailloux.com\/"]}]},{"@type":"BreadcrumbList","@id":"https:\/\/gite-les-cailloux.com\/#breadcrumb","itemListElement":[{"@type":"ListItem","position":1,"name":"Accueil","item":"https:\/\/gite-les-cailloux.com\/"},{"@type":"ListItem","position":2,"name":"Accueil"}]},{"@type":"WebSite","@id":"https:\/\/gite-les-cailloux.com\/#website","url":"https:\/\/gite-les-cailloux.com\/","name":"G\u00eete les Cailloux","description":"Maison de vacances au c\u0153ur des Ch\u00e2teaux de la Loire","potentialAction":[{"@type":"SearchAction","target":{"@type":"EntryPoint","urlTemplate":"https:\/\/gite-les-cailloux.com\/?s={search_term_string}"},"query-input":"required name=search_term_string"}],"inLanguage":"fr-FR"}]}},"_links":{"self":[{"href":"https:\/\/gite-les-cailloux.com\/index.php\/wp-json\/wp\/v2\/pages\/5"}],"collection":[{"href":"https:\/\/gite-les-cailloux.com\/index.php\/wp-json\/wp\/v2\/pages"}],"about":[{"href":"https:\/\/gite-les-cailloux.com\/index.php\/wp-json\/wp\/v2\/types\/page"}],"author":[{"embeddable":true,"href":"https:\/\/gite-les-cailloux.com\/index.php\/wp-json\/wp\/v2\/users\/1"}],"replies":[{"embeddable":true,"href":"https:\/\/gite-les-cailloux.com\/index.php\/wp-json\/wp\/v2\/comments?post=5"}],"version-history":[{"count":5,"href":"https:\/\/gite-les-cailloux.com\/index.php\/wp-json\/wp\/v2\/pages\/5\/revisions"}],"predecessor-version":[{"id":392,"href":"https:\/\/gite-les-cailloux.com\/index.php\/wp-json\/wp\/v2\/pages\/5\/revisions\/392"}],"wp:featuredmedia":[{"embeddable":true,"href":"https:\/\/gite-les-cailloux.com\/index.php\/wp-json\/wp\/v2\/media\/375"}],"wp:attachment":[{"href":"https:\/\/gite-les-cailloux.com\/index.php\/wp-json\/wp\/v2\/media?parent=5"}],"curies":[{"name":"wp","href":"https:\/\/api.w.org\/{rel}","templated":true}]}}